rime factors of 348122?
2, 174061
List the prime factors of 141283.
141283
What are the prime factors of 12346765?
5, 919, 2687
What are the prime factors of 964169?
887, 1087
What are the prime factors of 332669?
79, 4211
List the prime factors of 3386150.
2, 5, 67723
What are the prime factors of 31609395?
3, 5, 702431
What are the prime factors of 5539?
29, 191
List the prime factors of 8827655.
5, 661, 2671
What are the prime factors of 2020532?
2, 463, 1091
What are the prime factors of 11021886?
2, 3, 401, 509
What are the prime factors of 1438934?
2, 7, 14683
List the prime factors of 184780.
2, 5, 9239
List the prime factors of 1490687.
11, 29, 4673
What are the prime factors of 317346?
2, 3, 227, 233
What are the prime factors of 112642?
2, 17, 3313
What are the prime factors of 145022?
2, 59, 1229
List the prime factors of 1141997.
83, 13759
What are the prime factors of 61346?
2, 37, 829
List the prime factors of 475368.
2, 3, 29, 683
What are the prime factors of 306188?
2, 41, 1867
What are the prime factors of 230146?
2, 7, 17, 967
What are the prime factors of 428613?
3, 142871
List the prime factors of 185924.
2, 53, 877
List the prime factors of 1191231.
3, 107, 1237
List the prime factors of 8901305.
5, 7, 41, 6203
What are the prime factors of 10933518?
2, 3, 61, 29873
List the prime factors of 13805244.
2, 3, 23, 16673
What are the prime factors of 2439487?
2439487
List the prime factors of 28138789.
7, 574261
List the prime factors of 941808.
2, 3, 7, 2803
What are the prime factors of 1613595?
3, 5, 97, 1109
What are the prime factors of 458617?
89, 5153
What are the prime factors of 421919?
47, 191
List the prime factors of 1634769.
3, 191, 317
What are the prime factors of 381141?
3, 42349
What are the prime factors of 8201728?
2, 83, 193
What are the prime factors of 1608612?
2, 3, 37, 3623
List the prime factors of 19129226.
2, 9564613
What are the prime factors of 987?
3, 7, 47
What are the prime factors of 57994?
2, 107, 271
What are the prime factors of 9965353?
31, 103, 3121
What are the prime factors of 11321075?
5, 37, 12239
What are the prime factors of 348604?
2, 87151
List the prime factors of 10418161.
13, 17, 47, 59
What are the prime factors of 69176?
2, 8647
What are the prime factors of 1259443?
37, 34039
List the prime factors of 639666.
2, 3, 35537
List the prime factors of 1465685.
5, 13, 22549
What are the prime factors of 27067?
27067
List the prime factors of 302152.
2, 179, 211
List the prime factors of 16152800.
2, 5, 61, 331
What are the prime factors of 235414?
2, 31, 3797
What are the prime factors of 16653712?
2, 1040857
List the prime factors of 12805714.
2, 47, 59, 2309
List the prime factors of 10232631.
3, 23, 49433
List the prime factors of 223930.
2, 5, 7, 457
List the prime factors of 668307.
3, 367, 607
List the prime factors of 167239.
41, 4079
What are the prime factors of 4189858?
2, 2094929
What are the prime factors of 1102021?
1102021
List the prime factors of 12864501.
3, 13, 19, 643
List the prime factors of 66928.
2, 47, 89
List the prime factors of 12970713.
3, 7, 73, 8461
What are the prime factors of 2146311?
3, 79493
What are the prime factors of 222631?
127, 1753
List the prime factors of 599098.
2, 71, 4219
List the prime factors of 1324031.
383, 3457
List the prime factors of 222293.
222293
What are the prime factors of 397300?
2, 5, 29, 137
What are the prime factors of 3973761?
3, 11, 41, 89
What are the prime factors of 1561400?
2, 5, 37, 211
What are the prime factors of 1225827?
3, 83, 547
List the prime factors of 16002155.
5, 13, 246187
List the prime factors of 398734.
2, 7, 19, 1499
What are the prime factors of 25371958?
2, 2269, 5591
What are the prime factors of 9956361?
3, 19, 174673
What are the prime factors of 380413?
11, 34583
What are the prime factors of 126940?
2, 5, 11, 577
List the prime factors of 1571891.
1229, 1279
List the prime factors of 666092.
2, 7, 23789
List the prime factors of 20085381.
3, 17, 43759
What are the prime factors of 187413?
3, 179, 349
List the prime factors of 3463220.
2, 5, 43, 4027
List the prime factors of 12441401.
7, 71, 25033
What are the prime factors of 2822117?
79, 139, 257
List the prime factors of 782520.
2, 3, 5, 6521
List the prime factors of 11124738.
2, 3, 618041
List the prime factors of 26618.
2, 13309
List the prime factors of 806146.
2, 11, 36643
List the prime factors of 9964980.
2, 3, 5, 23, 29, 83
What are the prime factors of 2099416?
2, 11, 23857
List the prime factors of 62857.
239, 263
List the prime factors of 577023.
3, 192341
List the prime factors of 1430226.
2, 3, 7, 11351
List the prime factors of 163049.
103, 1583
List the prime factors of 682002.
2, 3, 37889
List the prime factors of 723469.
17, 42557
What are the prime factors of 87320?
2, 5, 37, 59
List the prime factors of 5990347.
11, 31, 1597
What are the prime factors of 733970?
2, 5, 19, 3863
List the prime factors of 468749.
19, 24671
What are the prime factors of 2120788?
2, 530197
List the prime factors of 142366.
2, 7, 10169
What are the prime factors of 3700?
2, 5, 37
List the prime factors of 33237926.
2, 829, 20047
List the prime factors of 7061957.
7, 1008851
What are the prime factors of 1253474?
2, 691, 907
List the prime factors of 35132474.
2, 13, 1351249
List the prime factors of 291738.
2, 3, 48623
What are the prime factors of 26475?
3, 5, 353
List the prime factors of 88035.
3, 5, 5869
List the prime factors of 2267782.
2, 11, 9371
List the prime factors of 2815570.
2, 5, 281557
What are the prime factors of 571363?
13, 43951
What are the prime factors of 4909929?
3, 79, 20717
What are the prime factors of 258139?
7, 36877
List the prime factors of 31063604.
2, 11, 13, 4937
List the prime factors of 1519998.
2, 3, 61, 4153
List the prime factors of 2668712.
2, 333589
List the prime factors of 2108110.
2, 5, 210811
What are the prime factors of 6170?
2, 5, 617
List the prime factors of 12566730.
2, 3, 5, 11, 113, 337
List the prime factors of 15450489.
3, 89, 19289
List the prime factors of 3448633.
19, 41, 233
List the prime factors of 430146.
2, 3, 23, 1039
What are the prime factors of 2340041?
11, 199, 1069
List the prime factors of 135623.
135623
What are the prime factors of 730500?
2, 3, 5, 487
What are the prime factors of 27241123?
7, 13, 17, 17609
List the prime factors of 1209341.
7, 31, 5573
List the prime factors of 9870680.
2, 5, 23, 10729
List the prime factors of 1038915.
3, 5, 23087
What are the prime factors of 1238478?
2, 3, 206413
List the prime factors of 1044710.
2, 5, 104471
What are the prime factors of 315157?
113, 2789
List the prime factors of 4405058.
2, 7, 59, 5333
List the prime factors of 190806.
2, 3, 7, 11, 59
List the prime factors of 968221.
19, 131, 389
What are the prime factors of 507722?
2, 17, 109, 137
List the prime factors of 4420331.
19, 83, 2803
List the prime factors of 277241.
37, 59, 127
What are the prime factors of 84527?
181, 467
What are the prime factors of 8891185?
5, 1097, 1621
List the prime factors of 1133147.
1133147
List the prime factors of 612238.
2, 11, 17, 1637
What are the prime factors of 3364849?
1579, 2131
List the prime factors of 2692352.
2, 13, 809
List the prime factors of 192932.
2, 139, 347
What are the prime factors of 832572?
2, 3, 13, 593
List the prime factors of 4159605.
3, 5, 43, 6449
What are the prime factors of 15707782?
2, 523, 15017
List the prime factors of 1999161.
3, 19, 433
List the prime factors of 1342854.
2, 3, 61, 1223
List the prime factors of 174124.
2, 101, 431
List the prime factors of 1643085.
3, 5, 4057
What are the prime factors of 646645?
5, 23, 5623
List the prime factors of 2020774.
2, 7, 144341
List the prime factors of 238399.
7, 34057
List the prime factors of 1633304.
2, 204163
List the prime factors of 152404.
2, 7, 5443
List the prime factors of 10641241.
13, 641, 1277
What are the prime factors of 373775?
5, 14951
What are the prime factors of 3011572?
2, 47, 83, 193
List the prime factors of 1334921.
7, 19, 10037
What are the prime factors of 4473669?
3, 17, 87719
List the prime factors of 1591819.
31, 51349
What are the prime factors of 168683?
37, 47, 97
List the prime factors of 194352.
2, 3, 4049
List